{"id":653,"date":"2015-10-25T23:25:27","date_gmt":"2015-10-25T22:25:27","guid":{"rendered":"http:\/\/www.galahad.de\/gala_wp\/?page_id=653"},"modified":"2015-10-25T23:25:27","modified_gmt":"2015-10-25T22:25:27","slug":"galahad-cookie-info","status":"publish","type":"page","link":"https:\/\/www.galahad.de\/gala_wp\/?page_id=653","title":{"rendered":"Galahad Cookie Info"},"content":{"rendered":"<div class=\"layout-content no-left-nav\">\n<div class=\"layout-content-reset\">\n<div class=\"template-row\">\n<div class=\"col col-content\">\n<div class=\"full_content\">\n<div class=\"content_frag\">\n<p>Damit dieses Internetportal ordnungsgem\u00e4\u00df funktioniert, legen wir manchmal kleine Dateien \u2013 sogenannte Cookies \u2013 auf Ihrem Ger\u00e4t ab. Das ist bei den meisten gro\u00dfen Websites \u00fcblich.<\/p>\n<h2 id=\"goto_1\">Was sind Cookies?<\/h2>\n<p>Ein Cookie ist eine kleine Textdatei, die ein Webportal auf Ihrem Rechner, Tablet-Computer oder Smartphone hinterl\u00e4sst, wenn Sie es besuchen. So kann sich das Portal bestimmte Eingaben und Einstellungen (z.\u00a0B. Login, Sprache, Schriftgr\u00f6\u00dfe und andere Anzeigepr\u00e4ferenzen) \u00fcber einen bestimmten Zeitraum \u201emerken\u201c, und Sie brauchen diese nicht bei jedem weiteren Besuch und beim Navigieren im Portal erneut vorzunehmen.<\/p>\n<h2 id=\"goto_2\">Wie setzen wir Cookies ein?<\/h2>\n<p>Auf unseren Seiten verwenden wir Cookies zur Speicherung<\/p>\n<ul>\n<li>Ihrer Vorlieben bei der Bildschirmanzeige , z.\u00a0B. Kontrast und Schriftgr\u00f6\u00dfe<\/li>\n<li>Ihrer Entscheidung zur (oder gegen die) Nutzung von Cookies auf diesem Portal.<\/li>\n<\/ul>\n<p>Auch einige auf unseren Seiten eingebettete Videos verwenden Cookies zur Erstellung anonymer Statistiken \u00fcber die zuvor besuchten Seiten und die ausgew\u00e4hlten Videos.<\/p>\n<p>Das Akzeptieren von Cookies ist zwar f\u00fcr die Nutzung des Portals nicht unbedingt erforderlich, macht das Surfen aber angenehmer. Sie k\u00f6nnen Cookies blockieren oder l\u00f6schen \u2013 das kann jedoch einige Funktionen dieses Portals beeintr\u00e4chtigen.<\/p>\n<p>Die mithilfe von Cookies erhobenen Informationen <strong>werden nicht dazu genutzt, Sie zu identifizieren<\/strong>, und die Daten unterliegen vollst\u00e4ndig unserer Kontrolle. Die Cookies dienen keinen anderen Zwecken als den hier genannten.<\/p>\n<h2 id=\"goto_3\">Werden auch andere Cookies verwendet?<\/h2>\n<p>Auf einigen unserer Seiten oder Unterseiten k\u00f6nnen zus\u00e4tzliche oder andere Cookies als oben beschrieben zum Einsatz kommen. Gegebenenfalls werden deren Eigenschaften in einem speziellen Hinweis angegeben und Ihre Zustimmung zu deren Speicherung eingeholt.<\/p>\n<h2 id=\"goto_4\">Kontrolle \u00fcber Cookies<\/h2>\n<p>Sie k\u00f6nnen Cookies nach Belieben <strong>steuern und\/oder l\u00f6schen<\/strong>. Wie, erfahren Sie hier: <span class=\"link-disabled\">aboutcookies.org<\/span>\u00a0<span class=\"ws-popup ws-modal\"><a class=\"ws-ico\" title=\"\u00dcbersetzung f\u00fcr diesen Link w\u00e4hlen\"> .<\/a><\/span> Sie k\u00f6nnen alle auf Ihrem Rechner abgelegten Cookies l\u00f6schen und die meisten Browser so einstellen, dass die Ablage von Cookies verhindert wird. Dann m\u00fcssen Sie aber m\u00f6glicherweise einige Einstellungen bei jedem Besuch einer Seite manuell vornehmen und die Beeintr\u00e4chtigung mancher Funktionen in Kauf nehmen.<\/p>\n<p>(Originaltext Auszug:\u00a0 http:\/\/europa.eu\/cookies\/index_de.htm)<\/p>\n<\/div>\n<\/div>\n<\/div>\n<\/div>\n<\/div>\n<\/div>\n","protected":false},"excerpt":{"rendered":"<p>Damit dieses Internetportal ordnungsgem\u00e4\u00df funktioniert, legen wir manchmal kleine Dateien \u2013 sogenannte Cookies \u2013 auf Ihrem Ger\u00e4t ab. Das ist bei den meisten gro\u00dfen Websites \u00fcblich. Was sind Cookies? Ein Cookie ist eine kleine Textdatei, die ein Webportal auf Ihrem Rechner, Tablet-Computer oder Smartphone hinterl\u00e4sst, wenn Sie es besuchen. So kann sich das Portal bestimmte &hellip; <a href=\"https:\/\/www.galahad.de\/gala_wp\/?page_id=653\" class=\"more-link\"><span class=\"screen-reader-text\">Galahad Cookie Info<\/span> weiterlesen <span class=\"meta-nav\">&rarr;<\/span><\/a><\/p>\n","protected":false},"author":1,"featured_media":0,"parent":16,"menu_order":0,"comment_status":"closed","ping_status":"closed","template":"","meta":{"footnotes":""},"class_list":["post-653","page","type-page","status-publish","hentry"],"_links":{"self":[{"href":"https:\/\/www.galahad.de\/gala_wp\/index.php?rest_route=\/wp\/v2\/pages\/653","targetHints":{"allow":["GET"]}}],"collection":[{"href":"https:\/\/www.galahad.de\/gala_wp\/index.php?rest_route=\/wp\/v2\/pages"}],"about":[{"href":"https:\/\/www.galahad.de\/gala_wp\/index.php?rest_route=\/wp\/v2\/types\/page"}],"author":[{"embeddable":true,"href":"https:\/\/www.galahad.de\/gala_wp\/index.php?rest_route=\/wp\/v2\/users\/1"}],"replies":[{"embeddable":true,"href":"https:\/\/www.galahad.de\/gala_wp\/index.php?rest_route=%2Fwp%2Fv2%2Fcomments&post=653"}],"version-history":[{"count":1,"href":"https:\/\/www.galahad.de\/gala_wp\/index.php?rest_route=\/wp\/v2\/pages\/653\/revisions"}],"predecessor-version":[{"id":654,"href":"https:\/\/www.galahad.de\/gala_wp\/index.php?rest_route=\/wp\/v2\/pages\/653\/revisions\/654"}],"up":[{"embeddable":true,"href":"https:\/\/www.galahad.de\/gala_wp\/index.php?rest_route=\/wp\/v2\/pages\/16"}],"wp:attachment":[{"href":"https:\/\/www.galahad.de\/gala_wp\/index.php?rest_route=%2Fwp%2Fv2%2Fmedia&parent=653"}],"curies":[{"name":"wp","href":"https:\/\/api.w.org\/{rel}","templated":true}]}}