{"id":540,"date":"2014-12-21T19:51:23","date_gmt":"2014-12-21T18:51:23","guid":{"rendered":"http:\/\/www.galahad.de\/gala_wp\/?page_id=540"},"modified":"2023-06-28T12:28:09","modified_gmt":"2023-06-28T11:28:09","slug":"mediaproduction","status":"publish","type":"page","link":"https:\/\/www.galahad.de\/gala_wp\/?page_id=540","title":{"rendered":"Mediaproduction"},"content":{"rendered":"<p>Eine Vielzahl von Galahad Ver\u00f6ffentlichungen und vieler anderer K\u00fcnstler und Interpreten wurden von GALAHAD &#8211; MEDIA \u2013 PERFORMANCE \u2013 RECORDING &#8211; COMPOSING in unserem Studio in Dinslaken produziert, aufgezeichnet und gemastert.<\/p>\n<p>Im GALAHAD Studio wurden mittlerweile mehr als 200 CD- Produktionen und Auftragskompositionen u.a. f\u00fcr BMG, SONY Musik, ZYX Musik, CUE Records durchgef\u00fchrt.<\/p>\n<div id=\"metaslider-id-626\" style=\"width: 100%; margin: 0 auto;\" class=\"ml-slider-3-108-0 metaslider metaslider-nivo metaslider-626 ml-slider ms-theme-default\" role=\"region\" aria-label=\"Mediaproduction\" data-height=\"300\" data-width=\"700\">\n    <div id=\"metaslider_container_626\">\n        <div class='slider-wrapper theme-default'><div class='ribbon'><\/div><div id='metaslider_626' class='nivoSlider'><img loading=\"lazy\" decoding=\"async\" src=\"https:\/\/www.galahad.de\/gala_wp\/wp-content\/uploads\/2015\/04\/P1041554-700x300.jpg\" height=\"300\" width=\"700\" alt=\"\" class=\"slider-626 slide-622 msDefaultImage\" \/><img loading=\"lazy\" decoding=\"async\" src=\"https:\/\/www.galahad.de\/gala_wp\/wp-content\/uploads\/2023\/06\/Studio_17-scaled-700x300.jpg\" height=\"300\" width=\"700\" title=\"Studio_17\" alt=\"\" class=\"slider-626 slide-1328 msDefaultImage\" \/><img loading=\"lazy\" decoding=\"async\" src=\"https:\/\/www.galahad.de\/gala_wp\/wp-content\/uploads\/2023\/06\/Studio_16-scaled-700x300.jpg\" height=\"300\" width=\"700\" title=\"Studio_16\" alt=\"\" class=\"slider-626 slide-1329 msDefaultImage\" \/><img loading=\"lazy\" decoding=\"async\" src=\"https:\/\/www.galahad.de\/gala_wp\/wp-content\/uploads\/2023\/06\/Studio_15-scaled-700x300.jpg\" height=\"300\" width=\"700\" title=\"Studio_15\" alt=\"\" class=\"slider-626 slide-1330 msDefaultImage\" \/><img loading=\"lazy\" decoding=\"async\" src=\"https:\/\/www.galahad.de\/gala_wp\/wp-content\/uploads\/2023\/06\/Studio_14-scaled-700x300.jpg\" height=\"300\" width=\"700\" title=\"Studio_14\" alt=\"\" class=\"slider-626 slide-1331 msDefaultImage\" \/><img loading=\"lazy\" decoding=\"async\" src=\"https:\/\/www.galahad.de\/gala_wp\/wp-content\/uploads\/2023\/06\/Studio_13-scaled-700x300.jpg\" height=\"300\" width=\"700\" title=\"Studio_13\" alt=\"\" class=\"slider-626 slide-1332 msDefaultImage\" \/><img loading=\"lazy\" decoding=\"async\" src=\"https:\/\/www.galahad.de\/gala_wp\/wp-content\/uploads\/2023\/06\/Studio_12-scaled-700x300.jpg\" height=\"300\" width=\"700\" title=\"Studio_12\" alt=\"\" class=\"slider-626 slide-1333 msDefaultImage\" \/><\/div><\/div>\n        \n    <\/div>\n<\/div>\n<p>&nbsp;<\/p>\n<p>Mit mehr als 30 j\u00e4hriger Erfahrung in der Media- und Multimediaproduktion stehen Techniker , Komponisten, Programmierer und Produzenten neben der reinen Produktion auch bei allen Fragen rund um das Mediabuissenes wie<br \/>\n&#8211; GEMA Abwicklung<br \/>\n&#8211; Labelcode<br \/>\n&#8211; CD-Vervielf\u00e4ltigung<br \/>\n&#8211; Studio- und Medientechnik<br \/>\n&#8211; Werbe- &amp; Internetdesign und Webseitenerstellung (siehe unter <a href=\"http:\/\/www.galahad.de\/galawb\/wb\/\">Referenzen<\/a>)<br \/>\nzur Verf\u00fcgung. (siehe auch unter <a title=\"Projects\" href=\"http:\/\/www.galahad.de\/gala_wp\/?page_id=552\">Projekte<\/a>)<\/p>\n<p>Unser GALAHAD-Studio bietet einen hervorragenden Rahmen f\u00fcr jede anspruchsvolle kompositorische Arbeit, bei gleichzeitiger privater Atmosph\u00e4re. Es eignet sich\u00a0 besonders f\u00fcr<br \/>\n&#8211; Solisten, Duos, Kleingruppen<br \/>\n&#8211; Folk-, Pop- &amp; Rockproduktionen<br \/>\n&#8211; Vocalensembles<br \/>\n&#8211; Werbe- und Medienproduktionen<br \/>\n&#8211; MIDI- &amp; EM Produktionen.<\/p>\n<p>Unter Zuhilfenahme digitaler Aufnahme- und Mischverfahren k\u00f6nnen hier von der ersten Idee bis hin zur kompletten CD-Produktion eine Vielzahl von musikalischen Ideen verwirklicht werden, auf Wunsch mit Unterst\u00fctzung bei kompositorischeren Fragen und Arrangements. Gerne steuern wir auch den einen oder anderen &#8218;Ton&#8216; bei. Zudem werden auch vorhandene Instrumente wie Klavier, E- und Akustikgitarren, Mandoline, Keyboards, E-Drums etc. zur Verf\u00fcgung gestellt.<\/p>\n<p>Unser Studio verf\u00fcgt \u00fcber mehrere Aufnahmer\u00e4ume. Ein zug\u00e4nglicher Au\u00dfenbereich mit Terrasse und Garten l\u00e4dt zur Entspannung ein.<\/p>\n<p>Unser Studio befindet sich in Dinslaken und ist gut mit PKW oder \u00d6PNV zu erreichen.\u00a0 Auf Wunsch richten wir auch einen Shuttle-Service zum Bahnhof Dinslaken ein.<\/p>\n<p>KONTAKT:\u00a0 <a href=\"mailto:info@galahad.de\">info@galahad.de<\/a> &#8211; Tel.: 02064-97807<\/p>\n","protected":false},"excerpt":{"rendered":"<p>Eine Vielzahl von Galahad Ver\u00f6ffentlichungen und vieler anderer K\u00fcnstler und Interpreten wurden von GALAHAD &#8211; MEDIA \u2013 PERFORMANCE \u2013 RECORDING &#8211; COMPOSING in unserem Studio in Dinslaken produziert, aufgezeichnet und gemastert. Im GALAHAD Studio wurden mittlerweile mehr als 200 CD- Produktionen und Auftragskompositionen u.a. f\u00fcr BMG, SONY Musik, ZYX Musik, CUE Records durchgef\u00fchrt. &nbsp; Mit &hellip; <a href=\"https:\/\/www.galahad.de\/gala_wp\/?page_id=540\" class=\"more-link\"><span class=\"screen-reader-text\">Mediaproduction<\/span> weiterlesen <span class=\"meta-nav\">&rarr;<\/span><\/a><\/p>\n","protected":false},"author":1,"featured_media":0,"parent":16,"menu_order":0,"comment_status":"closed","ping_status":"closed","template":"","meta":{"footnotes":""},"class_list":["post-540","page","type-page","status-publish","hentry"],"_links":{"self":[{"href":"https:\/\/www.galahad.de\/gala_wp\/index.php?rest_route=\/wp\/v2\/pages\/540","targetHints":{"allow":["GET"]}}],"collection":[{"href":"https:\/\/www.galahad.de\/gala_wp\/index.php?rest_route=\/wp\/v2\/pages"}],"about":[{"href":"https:\/\/www.galahad.de\/gala_wp\/index.php?rest_route=\/wp\/v2\/types\/page"}],"author":[{"embeddable":true,"href":"https:\/\/www.galahad.de\/gala_wp\/index.php?rest_route=\/wp\/v2\/users\/1"}],"replies":[{"embeddable":true,"href":"https:\/\/www.galahad.de\/gala_wp\/index.php?rest_route=%2Fwp%2Fv2%2Fcomments&post=540"}],"version-history":[{"count":10,"href":"https:\/\/www.galahad.de\/gala_wp\/index.php?rest_route=\/wp\/v2\/pages\/540\/revisions"}],"predecessor-version":[{"id":1334,"href":"https:\/\/www.galahad.de\/gala_wp\/index.php?rest_route=\/wp\/v2\/pages\/540\/revisions\/1334"}],"up":[{"embeddable":true,"href":"https:\/\/www.galahad.de\/gala_wp\/index.php?rest_route=\/wp\/v2\/pages\/16"}],"wp:attachment":[{"href":"https:\/\/www.galahad.de\/gala_wp\/index.php?rest_route=%2Fwp%2Fv2%2Fmedia&parent=540"}],"curies":[{"name":"wp","href":"https:\/\/api.w.org\/{rel}","templated":true}]}}