{"id":1459,"date":"2025-06-04T22:25:36","date_gmt":"2025-06-04T21:25:36","guid":{"rendered":"https:\/\/www.galahad.de\/gala_wp\/?page_id=1459"},"modified":"2026-04-17T19:16:10","modified_gmt":"2026-04-17T18:16:10","slug":"40th-anniversary-story","status":"publish","type":"page","link":"https:\/\/www.galahad.de\/gala_wp\/?page_id=1459","title":{"rendered":"40th Anniversary Story"},"content":{"rendered":"<p><strong>Zur Feier unserer 40th Anniversary Tour gibt es hier einen kurzen Abriss \u00fcber die vergangenen GALAHAD Jahre.<\/strong><\/p>\n<p><strong><span style=\"text-decoration: underline;\"><em>The very, very early Years<\/em> <\/span><\/strong><br \/>\n<img loading=\"lazy\" decoding=\"async\" class=\"alignleft wp-image-335 size-thumbnail\" src=\"https:\/\/www.galahad.de\/gala_wp\/wp-content\/uploads\/2014\/12\/cdsirgal-150x150.jpg\" alt=\"\" width=\"100\" height=\"100\" srcset=\"https:\/\/www.galahad.de\/gala_wp\/wp-content\/uploads\/2014\/12\/cdsirgal-150x150.jpg 150w, https:\/\/www.galahad.de\/gala_wp\/wp-content\/uploads\/2014\/12\/cdsirgal.jpg 224w\" sizes=\"auto, (max-width: 100px) 100vw, 100px\" \/>Aus Teilen des Akustik-Trios \u201eCamelot\u201c (ca. 1982 bis 1984), das \u00fcberwiegend eigenarrangierte Folk-Coversongs spielte, ging 1985 die von Paul gegr\u00fcndet Band &#8222;Galahad&#8220; hervor, die im selben Jahr auf der Vinyl-EP \u201eSir Galahad\u201c erste eigene Kompositionen ver\u00f6ffentlichte.<\/p>\n<p>&nbsp;<\/p>\n<p><strong><span style=\"text-decoration: underline;\"><em>It&#8217;s Time for Folk-Rock<\/em><\/span><\/strong><br \/>\n<img loading=\"lazy\" decoding=\"async\" class=\"alignleft wp-image-200\" src=\"https:\/\/www.galahad.de\/gala_wp\/wp-content\/uploads\/2014\/12\/DSC00142-300x200.jpg\" alt=\"\" width=\"150\" height=\"100\" srcset=\"https:\/\/www.galahad.de\/gala_wp\/wp-content\/uploads\/2014\/12\/DSC00142-300x200.jpg 300w, https:\/\/www.galahad.de\/gala_wp\/wp-content\/uploads\/2014\/12\/DSC00142.jpg 640w\" sizes=\"auto, (max-width: 150px) 100vw, 150px\" \/>Nach diversen Wechseln personeller und auch instrumentaler Art stie\u00dfen 1986 Peter Huntenburg (Bass, Gesang), 1991 Ralf Veith (Keyboard, Psalter u.a.) und 1992 Dieter Horlitz (e-Gitarre) und Oliver Horlitz (Drums) zur Band. Galahad vollzog damit endg\u00fcltig den Wandel zur Folk-Rock-Band mit eigenen Kompositionen und unverwechselbaren Stilelementen. Viele der neu entstandenen Songs wurden von da an im neu aufgebautem Galahad-Studio arrangiert und aufgezeichnet.<\/p>\n<p>&nbsp;<\/p>\n<p><strong><span style=\"text-decoration: underline;\"><em>Meeting Jethro Tull and Eroc with Ulli<\/em> <\/span><\/strong><br \/>\n<img loading=\"lazy\" decoding=\"async\" class=\"alignleft wp-image-636\" src=\"https:\/\/www.galahad.de\/gala_wp\/wp-content\/uploads\/2014\/12\/galatul1-300x199.jpg\" alt=\"\" width=\"151\" height=\"100\" srcset=\"https:\/\/www.galahad.de\/gala_wp\/wp-content\/uploads\/2014\/12\/galatul1-300x199.jpg 300w, https:\/\/www.galahad.de\/gala_wp\/wp-content\/uploads\/2014\/12\/galatul1-150x100.jpg 150w, https:\/\/www.galahad.de\/gala_wp\/wp-content\/uploads\/2014\/12\/galatul1-200x133.jpg 200w, https:\/\/www.galahad.de\/gala_wp\/wp-content\/uploads\/2014\/12\/galatul1-250x166.jpg 250w, https:\/\/www.galahad.de\/gala_wp\/wp-content\/uploads\/2014\/12\/galatul1.jpg 579w\" sizes=\"auto, (max-width: 151px) 100vw, 151px\" \/>Viele der \u00fcberwiegend von Paul und Ralf entstandenen Songs forderten eine weibliche Gesangsstimme und mit dem Zugang von Ulrike Kobergs ausdrucksstarkem weiblichem Lead-Vocal begann f\u00fcr Galahad entg\u00fcltig der Weg, eine der erfolgreichsten, deutschen Folk-Rock Bands zu werden. Als Folge des im Jahr 1997 ver\u00f6ffentlichten zweiten Galahad Albums \u201eThe Return of the Piper\u201c kam es zur Zusammenarbeit mit diversen Booking-Agenturen, zahlreichen Konzerten im In- und Ausland sowie zum Support von Jethro Tull und der Produktion des Folgealbums &#8222;Myrrdin&#8220; durch Eroc (Grobschnitt).<\/p>\n<p><img loading=\"lazy\" decoding=\"async\" class=\"alignleft wp-image-364 size-full\" src=\"https:\/\/www.galahad.de\/gala_wp\/wp-content\/uploads\/2014\/12\/gala_bmg.jpg\" alt=\"\" width=\"100\" height=\"89\" \/>Auf \u00fcber <a href=\"https:\/\/www.galahad.de\/gala_wp\/?maxgallery=galahad-cds\">30 Compilation<\/a> wurden Songs von Galahad verwendet und der Galahad Song \u201eThe Leaving Of Inishmore\u201c auf dem BMG-London Sampler \u201eCeltic Circle 2\u201c erhielt weltweit Spitzenpl\u00e4tze, Anerkennung und teils Gold-Status. Aber insbesonders durch Ver\u00f6ffentlichungen auf im deutschsprachigen Raum bekannten &#8222;Mittelalter-Samplern&#8220; (Miroque, Mystica Antiqua Aeterna) und Projekten gemeinsam mit anderen, bekannten Bands der Szene (u.a. Faun, Corvus Corax, Saltatio Mortis) festigte sich der Erfolg von Galahad als &#8222;Medieval-Folk-Rock-Crossover-Band&#8220;.<\/p>\n<p>&nbsp;<\/p>\n<p><strong><span style=\"text-decoration: underline;\"><em>From Castle to Castle with Tina the 1st<\/em> <\/span><\/strong><br \/>\n<img loading=\"lazy\" decoding=\"async\" class=\"alignleft wp-image-222\" src=\"https:\/\/www.galahad.de\/gala_wp\/wp-content\/uploads\/2014\/12\/PICT7641-300x225.jpg\" alt=\"\" width=\"133\" height=\"100\" srcset=\"https:\/\/www.galahad.de\/gala_wp\/wp-content\/uploads\/2014\/12\/PICT7641-300x225.jpg 300w, https:\/\/www.galahad.de\/gala_wp\/wp-content\/uploads\/2014\/12\/PICT7641.jpg 600w\" sizes=\"auto, (max-width: 133px) 100vw, 133px\" \/>Neben der Beteiligung auf vielen Folk- Rock Festivals und Stadtfesten wurde Galahad zum gefeiertem Act auf den verschiedensten Burgen bei Festival- und Solokonzerten (u.a. Burg Altena, Marksburg, Altburg). Auch die Ver\u00f6ffentlichung des 4. Albums &#8222;Ladhivan&#8220; mit der neuen S\u00e4ngerin Tina Schreiber festigte die B\u00fchnenpr\u00e4senz von Galahad auf den verschiedenen in der Mittelalterszene bekannten Festivals (u.a. Burgfolk, Feuertal-Festival, Pagan-Folk-Festival).<\/p>\n<p><img loading=\"lazy\" decoding=\"async\" class=\"alignleft wp-image-197\" src=\"https:\/\/www.galahad.de\/gala_wp\/wp-content\/uploads\/2014\/12\/l_6efd5c37c56a4a6a80511c9d448e5449-300x240.jpg\" alt=\"\" width=\"125\" height=\"100\" srcset=\"https:\/\/www.galahad.de\/gala_wp\/wp-content\/uploads\/2014\/12\/l_6efd5c37c56a4a6a80511c9d448e5449-300x240.jpg 300w, https:\/\/www.galahad.de\/gala_wp\/wp-content\/uploads\/2014\/12\/l_6efd5c37c56a4a6a80511c9d448e5449.jpg 600w\" sizes=\"auto, (max-width: 125px) 100vw, 125px\" \/>Begleitet von mehreren Funk- und Fernsehauftritten erhielt Galahad mehrfache Auszeichnungen als &#8222;Beste Folkrock-Band\u201c, \u201eBestes Folkrock-Album\u201c und \u201eBester Folkrock-Song\u201c \u00a0im Rahmen des &#8222;Deutschen Rock- und Poppreises&#8220;.\u00a0 Als immer wieder gern geh\u00f6rter und gesehener Gastmusiker kam zunehmend auch Henning Wilms mit diversen Pipes und Dudels\u00e4cken live und auf CD dazu.<\/p>\n<p>&nbsp;<\/p>\n<p><strong><span style=\"text-decoration: underline;\"><em>With two Witches on Stage<\/em><\/span><\/strong><br \/>\nN<img loading=\"lazy\" decoding=\"async\" class=\"alignleft wp-image-661\" src=\"https:\/\/www.galahad.de\/gala_wp\/wp-content\/uploads\/2015\/12\/Live-Shot-4-300x140.jpg\" alt=\"\" width=\"215\" height=\"100\" srcset=\"https:\/\/www.galahad.de\/gala_wp\/wp-content\/uploads\/2015\/12\/Live-Shot-4-300x140.jpg 300w, https:\/\/www.galahad.de\/gala_wp\/wp-content\/uploads\/2015\/12\/Live-Shot-4-768x358.jpg 768w, https:\/\/www.galahad.de\/gala_wp\/wp-content\/uploads\/2015\/12\/Live-Shot-4-1024x477.jpg 1024w\" sizes=\"auto, (max-width: 215px) 100vw, 215px\" \/>och w\u00e4rend der Produktion zur &#8222;Incredibile&#8220;-CD folgte mit Tina de Vlinder nicht nur ein Wechsel im weiblichen Lead-Vocal. Tina the 2nd bereicherte Galahad zudem mit ihrem Violinen- und Fl\u00f6tenspiel und kompositorisch, live und bei vielen weiteren CD-Projekten (Merseburger Zauberspr\u00fcchen, Tribut an Ougenweide). Nach dem Ausscheiden von Oliver an den Drums, konnte der B\u00fchnen- und Studioerfahrene Drummer Jens Gronwald f\u00fcr Galahad gewonnen werden.<\/p>\n<p><img loading=\"lazy\" decoding=\"async\" class=\"wp-image-980 alignleft\" src=\"https:\/\/www.galahad.de\/gala_wp\/wp-content\/uploads\/2019\/11\/Auffahrt_Burg_enger-300x169.jpg\" alt=\"\" width=\"177\" height=\"100\" srcset=\"https:\/\/www.galahad.de\/gala_wp\/wp-content\/uploads\/2019\/11\/Auffahrt_Burg_enger-300x169.jpg 300w, https:\/\/www.galahad.de\/gala_wp\/wp-content\/uploads\/2019\/11\/Auffahrt_Burg_enger-768x433.jpg 768w, https:\/\/www.galahad.de\/gala_wp\/wp-content\/uploads\/2019\/11\/Auffahrt_Burg_enger-1024x577.jpg 1024w\" sizes=\"auto, (max-width: 177px) 100vw, 177px\" \/>Schon vor der Arbeit am 6. Album \u201eJheronimus \u2013 Songs Of Earthly Delights\u201c wurden die weiblichen Gesangparts durch Jekka van de Veer stilpr\u00e4gend verst\u00e4rkt und harmonisch erg\u00e4nzt. So standen ab sofort 2 Galahad-Witches bei vielen, folgenden Hallen- und Open-Air-Konzerten mit dem Konzept-Programm \u201eThe Life and Times of Sir Galahad the Brave\u201c auf der B\u00fchne und konnte die Zuh\u00f6rer verzaubernd in ihren Bann ziehen.<\/p>\n<p>&nbsp;<\/p>\n<p><strong><span style=\"text-decoration: underline;\"><em>Men only allowed<\/em><\/span><\/strong><br \/>\n<img loading=\"lazy\" decoding=\"async\" class=\"alignleft wp-image-1435\" src=\"https:\/\/www.galahad.de\/gala_wp\/wp-content\/uploads\/2025\/03\/Gala_SB_1_Header-300x169.jpg\" alt=\"\" width=\"178\" height=\"100\" srcset=\"https:\/\/www.galahad.de\/gala_wp\/wp-content\/uploads\/2025\/03\/Gala_SB_1_Header-300x169.jpg 300w, https:\/\/www.galahad.de\/gala_wp\/wp-content\/uploads\/2025\/03\/Gala_SB_1_Header-1024x576.jpg 1024w, https:\/\/www.galahad.de\/gala_wp\/wp-content\/uploads\/2025\/03\/Gala_SB_1_Header-768x432.jpg 768w, https:\/\/www.galahad.de\/gala_wp\/wp-content\/uploads\/2025\/03\/Gala_SB_1_Header-1536x864.jpg 1536w, https:\/\/www.galahad.de\/gala_wp\/wp-content\/uploads\/2025\/03\/Gala_SB_1_Header-2048x1152.jpg 2048w\" sizes=\"auto, (max-width: 178px) 100vw, 178px\" \/>Anfang des Jahre 2024 kam es zum beruflich- und privatbedingtem Ausscheiden der beiden S\u00e4ngerinnen und mit dem Zugang des seit Jahren durch gemeinsame Konzerte mit Galahad \u00a0bekannten S\u00e4ngers Ali Rosser (Meet the Beatles, Sargn\u00e4gel, Galahad-Reunion) nicht nur im Gesangspart zu pr\u00e4genden Ver\u00e4nderungen. Die Konzerte und die Folgekonzerte der \u201e40th Anniversary Tour\u201c werden nun in besonderer Weise die gro\u00dfe Bandbreite der verschiedenen Epochen, Entwicklungen und Alben widerspiegeln.<\/p>\n<p><strong><em>&#8230;. going on and on<\/em><\/strong><br \/>\nDie besondere Galahad Erfolgsgeschichte haben nat\u00fcrlich alle Musiker\/Innen mitgeschrieben, die im Laufe der Jahre Galahad gestaltet und ihre eigenen musikalischen Facetten beigetragen haben. Aber was w\u00e4re Galahad ohne Publikum, ohne seine Fans, die \u00fcber die Jahrzehnte hindurch die weit \u00fcber <a href=\"https:\/\/www.galahad.de\/gala_wp\/?page_id=22\">200 Konzerte<\/a> begleiteten und selbst Anfahrtswege f\u00fcr einen Konzertbesuch von mehreren hundert Kilometern nicht scheuten. Sie motivieren dazu auch nach 40 Jahren mit neuem Schwung weiterzumachen.<\/p>\n<p>Auch \u00fcber die eigene weitere Entwicklung hinaus wird GALAHAD sich in gewohnter Weise an neuen <a href=\"https:\/\/www.galahad.de\/gala_wp\/?page_id=552\">Projekten<\/a> beteiligen und mit <a href=\"https:\/\/www.galahad.de\/gala_wp\/?page_id=540\">Galahad-Media<\/a> M\u00f6glichkeiten f\u00fcr andere K\u00fcnstler bieten.<\/p>\n<p><img loading=\"lazy\" decoding=\"async\" class=\"alignnone wp-image-1524 size-full\" src=\"https:\/\/www.galahad.de\/gala_wp\/wp-content\/uploads\/2025\/12\/Galahad_Schluss_fast_CUT.gif\" alt=\"\" width=\"692\" height=\"388\" \/><\/p>\n","protected":false},"excerpt":{"rendered":"<p>Zur Feier unserer 40th Anniversary Tour gibt es hier einen kurzen Abriss \u00fcber die vergangenen GALAHAD Jahre. The very, very early Years Aus Teilen des Akustik-Trios \u201eCamelot\u201c (ca. 1982 bis 1984), das \u00fcberwiegend eigenarrangierte Folk-Coversongs spielte, ging 1985 die von Paul gegr\u00fcndet Band &#8222;Galahad&#8220; hervor, die im selben Jahr auf der Vinyl-EP \u201eSir Galahad\u201c erste &hellip; <a href=\"https:\/\/www.galahad.de\/gala_wp\/?page_id=1459\" class=\"more-link\"><span class=\"screen-reader-text\">40th Anniversary Story<\/span> weiterlesen <span class=\"meta-nav\">&rarr;<\/span><\/a><\/p>\n","protected":false},"author":1,"featured_media":0,"parent":0,"menu_order":0,"comment_status":"closed","ping_status":"closed","template":"","meta":{"footnotes":""},"class_list":["post-1459","page","type-page","status-publish","hentry"],"_links":{"self":[{"href":"https:\/\/www.galahad.de\/gala_wp\/index.php?rest_route=\/wp\/v2\/pages\/1459","targetHints":{"allow":["GET"]}}],"collection":[{"href":"https:\/\/www.galahad.de\/gala_wp\/index.php?rest_route=\/wp\/v2\/pages"}],"about":[{"href":"https:\/\/www.galahad.de\/gala_wp\/index.php?rest_route=\/wp\/v2\/types\/page"}],"author":[{"embeddable":true,"href":"https:\/\/www.galahad.de\/gala_wp\/index.php?rest_route=\/wp\/v2\/users\/1"}],"replies":[{"embeddable":true,"href":"https:\/\/www.galahad.de\/gala_wp\/index.php?rest_route=%2Fwp%2Fv2%2Fcomments&post=1459"}],"version-history":[{"count":36,"href":"https:\/\/www.galahad.de\/gala_wp\/index.php?rest_route=\/wp\/v2\/pages\/1459\/revisions"}],"predecessor-version":[{"id":1530,"href":"https:\/\/www.galahad.de\/gala_wp\/index.php?rest_route=\/wp\/v2\/pages\/1459\/revisions\/1530"}],"wp:attachment":[{"href":"https:\/\/www.galahad.de\/gala_wp\/index.php?rest_route=%2Fwp%2Fv2%2Fmedia&parent=1459"}],"curies":[{"name":"wp","href":"https:\/\/api.w.org\/{rel}","templated":true}]}}