{"id":1113,"date":"2022-02-03T15:19:05","date_gmt":"2022-02-03T14:19:05","guid":{"rendered":"https:\/\/www.galahad.de\/gala_wp\/?page_id=1113"},"modified":"2022-02-04T10:13:48","modified_gmt":"2022-02-04T09:13:48","slug":"die-sargnaegel","status":"publish","type":"page","link":"https:\/\/www.galahad.de\/gala_wp\/?page_id=1113","title":{"rendered":"Die Sargn\u00e4gel"},"content":{"rendered":"<p>&#8222;Die Sargn\u00e4gel &#8211; Ars Vivendi&#8220; ist das CD-Projekt mit deutschen Texten des Galahadler Peter, gemeinsam mit Ralf und dem Galahad-Reunion-S\u00e4nger Ali Rosser.<\/p>\n<p>Was macht man mit und gegen &#8222;Corona-Blues&#8220;? Man widmet sich einem &#8211; vielleicht manchmal nicht ganz ernst gemeintem und mit viel Ironie gespicktem CD-Projekt: ARS VIVENDI &#8230; Lieder \u00fcber Hoffen, Lieben, Freuen, Trauer, L\u00fcgen, Tanzen, Gl\u00fcck, Tr\u00e4umen, Vergangenes, das Jetzt &amp; Zuk\u00fcnftiges, die Phantasie &#8211; Lieder \u00fcber die Kunst des Lebens.<\/p>\n<div class=\"su-image-carousel  su-image-carousel-columns-3 su-image-carousel-has-spacing su-image-carousel-has-outline su-image-carousel-adaptive su-image-carousel-slides-style-foto su-image-carousel-controls-style-dark su-image-carousel-align-none\" style=\"\" data-flickity-options='{\"groupCells\":true,\"cellSelector\":\".su-image-carousel-item\",\"adaptiveHeight\":true,\"cellAlign\":\"left\",\"prevNextButtons\":true,\"pageDots\":true,\"autoPlay\":5000,\"imagesLoaded\":true,\"contain\":false,\"selectedAttraction\":0.025000000000000001,\"friction\":0.28000000000000003}' id=\"su_image_carousel_69e74a65c52c7\"><div class=\"su-image-carousel-item\"><div class=\"su-image-carousel-item-content\"><img loading=\"lazy\" decoding=\"async\" width=\"225\" height=\"300\" src=\"https:\/\/www.galahad.de\/gala_wp\/wp-content\/uploads\/2022\/02\/Ali_4zu3_ArsVivendi-225x300.jpg\" class=\"\" alt=\"\" srcset=\"https:\/\/www.galahad.de\/gala_wp\/wp-content\/uploads\/2022\/02\/Ali_4zu3_ArsVivendi-225x300.jpg 225w, https:\/\/www.galahad.de\/gala_wp\/wp-content\/uploads\/2022\/02\/Ali_4zu3_ArsVivendi.jpg 442w\" sizes=\"auto, (max-width: 225px) 100vw, 225px\" \/><\/div><\/div><div class=\"su-image-carousel-item\"><div class=\"su-image-carousel-item-content\"><img loading=\"lazy\" decoding=\"async\" width=\"225\" height=\"300\" src=\"https:\/\/www.galahad.de\/gala_wp\/wp-content\/uploads\/2014\/12\/Peter1-scaled-1-225x300.jpg\" class=\"\" alt=\"\" srcset=\"https:\/\/www.galahad.de\/gala_wp\/wp-content\/uploads\/2014\/12\/Peter1-scaled-1-225x300.jpg 225w, https:\/\/www.galahad.de\/gala_wp\/wp-content\/uploads\/2014\/12\/Peter1-scaled-1-768x1024.jpg 768w, https:\/\/www.galahad.de\/gala_wp\/wp-content\/uploads\/2014\/12\/Peter1-scaled-1-1152x1536.jpg 1152w, https:\/\/www.galahad.de\/gala_wp\/wp-content\/uploads\/2014\/12\/Peter1-scaled-1-1536x2048.jpg 1536w, https:\/\/www.galahad.de\/gala_wp\/wp-content\/uploads\/2014\/12\/Peter1-scaled-1.jpg 1920w\" sizes=\"auto, (max-width: 225px) 100vw, 225px\" \/><\/div><\/div><div class=\"su-image-carousel-item\"><div class=\"su-image-carousel-item-content\"><img loading=\"lazy\" decoding=\"async\" width=\"225\" height=\"300\" src=\"https:\/\/www.galahad.de\/gala_wp\/wp-content\/uploads\/2020\/01\/Ralf1-225x300.jpg\" class=\"\" alt=\"\" srcset=\"https:\/\/www.galahad.de\/gala_wp\/wp-content\/uploads\/2020\/01\/Ralf1-225x300.jpg 225w, https:\/\/www.galahad.de\/gala_wp\/wp-content\/uploads\/2020\/01\/Ralf1-768x1024.jpg 768w, https:\/\/www.galahad.de\/gala_wp\/wp-content\/uploads\/2020\/01\/Ralf1-1152x1536.jpg 1152w, https:\/\/www.galahad.de\/gala_wp\/wp-content\/uploads\/2020\/01\/Ralf1-1536x2048.jpg 1536w, https:\/\/www.galahad.de\/gala_wp\/wp-content\/uploads\/2020\/01\/Ralf1.jpg 1827w\" sizes=\"auto, (max-width: 225px) 100vw, 225px\" \/><\/div><\/div><\/div><script id=\"su_image_carousel_69e74a65c52c7_script\">if(window.SUImageCarousel){setTimeout(function() {window.SUImageCarousel.initGallery(document.getElementById(\"su_image_carousel_69e74a65c52c7\"))}, 0);}var su_image_carousel_69e74a65c52c7_script=document.getElementById(\"su_image_carousel_69e74a65c52c7_script\");if(su_image_carousel_69e74a65c52c7_script){su_image_carousel_69e74a65c52c7_script.parentNode.removeChild(su_image_carousel_69e74a65c52c7_script);}<\/script>\n<p>Dr\u00fcckt dich oft des Alltags Schwere: Lebe, lebe &#8211; ars vivendi. Begreif\u2018 das Leben als die F\u00e4hre zur Kunst des ars vivendi.&#8220;<\/p>\n<p>Die CD nicht nur gegen den &#8222;Corona-Blues&#8220; ist erh\u00e4ltlich unter: <a href=\"mailto:arsvivendi@galahad.de\">arsvivendi@galahad.de<\/a><\/p>\n<p>Die &#8222;Sargn\u00e4gel&#8220; wurden in mehreren Kategorien beim &#8222;<a href=\"https:\/\/www.musiker-online.com\/39-deutscher-rock-pop-preis-2021-gewinner-nach-sparten-sortiert\/\">Deutschen Rock- und Pop Preis 2021<\/a>&#8220; ausgezeichnet.<\/p>\n<p>Presseartikel: <a href=\"https:\/\/www.nrz.de\/staedte\/dinslaken-huenxe-voerde\/die-sargnaegel-aus-dinslaken-werden-fuer-album-ausgezeichnet-id234326077.html\">NRZ, B. Schack, 16.01.2022<\/a><\/p>\n","protected":false},"excerpt":{"rendered":"<p>&#8222;Die Sargn\u00e4gel &#8211; Ars Vivendi&#8220; ist das CD-Projekt mit deutschen Texten des Galahadler Peter, gemeinsam mit Ralf und dem Galahad-Reunion-S\u00e4nger Ali Rosser. Was macht man mit und gegen &#8222;Corona-Blues&#8220;? Man widmet sich einem &#8211; vielleicht manchmal nicht ganz ernst gemeintem und mit viel Ironie gespicktem CD-Projekt: ARS VIVENDI &#8230; Lieder \u00fcber Hoffen, Lieben, Freuen, Trauer, &hellip; <a href=\"https:\/\/www.galahad.de\/gala_wp\/?page_id=1113\" class=\"more-link\"><span class=\"screen-reader-text\">Die Sargn\u00e4gel<\/span> weiterlesen <span class=\"meta-nav\">&rarr;<\/span><\/a><\/p>\n","protected":false},"author":1,"featured_media":0,"parent":16,"menu_order":0,"comment_status":"closed","ping_status":"closed","template":"","meta":{"footnotes":""},"class_list":["post-1113","page","type-page","status-publish","hentry"],"_links":{"self":[{"href":"https:\/\/www.galahad.de\/gala_wp\/index.php?rest_route=\/wp\/v2\/pages\/1113","targetHints":{"allow":["GET"]}}],"collection":[{"href":"https:\/\/www.galahad.de\/gala_wp\/index.php?rest_route=\/wp\/v2\/pages"}],"about":[{"href":"https:\/\/www.galahad.de\/gala_wp\/index.php?rest_route=\/wp\/v2\/types\/page"}],"author":[{"embeddable":true,"href":"https:\/\/www.galahad.de\/gala_wp\/index.php?rest_route=\/wp\/v2\/users\/1"}],"replies":[{"embeddable":true,"href":"https:\/\/www.galahad.de\/gala_wp\/index.php?rest_route=%2Fwp%2Fv2%2Fcomments&post=1113"}],"version-history":[{"count":20,"href":"https:\/\/www.galahad.de\/gala_wp\/index.php?rest_route=\/wp\/v2\/pages\/1113\/revisions"}],"predecessor-version":[{"id":1136,"href":"https:\/\/www.galahad.de\/gala_wp\/index.php?rest_route=\/wp\/v2\/pages\/1113\/revisions\/1136"}],"up":[{"embeddable":true,"href":"https:\/\/www.galahad.de\/gala_wp\/index.php?rest_route=\/wp\/v2\/pages\/16"}],"wp:attachment":[{"href":"https:\/\/www.galahad.de\/gala_wp\/index.php?rest_route=%2Fwp%2Fv2%2Fmedia&parent=1113"}],"curies":[{"name":"wp","href":"https:\/\/api.w.org\/{rel}","templated":true}]}}